{"id":570,"date":"2020-04-05T19:43:22","date_gmt":"2020-04-05T17:43:22","guid":{"rendered":"http:\/\/poradnads.sk\/pre-rodicov\/"},"modified":"2020-05-13T20:09:13","modified_gmt":"2020-05-13T18:09:13","slug":"szuloknek","status":"publish","type":"page","link":"https:\/\/poradnads.sk\/hu\/szuloknek\/","title":{"rendered":"Sz\u00fcl\u0151knek"},"content":{"rendered":"<ul>\n<li><a href=\"http:\/\/poradnads.sk\/wp-content\/uploads\/2020\/04\/a-jatek-szerepe-a-korai-intervencioban.docx\" target=\"_blank\" rel=\"noopener noreferrer\">A jatek szerepe a korai intervencioban<\/a> <a href=\"http:\/\/poradnads.sk\/wp-content\/uploads\/2020\/04\/a-jatek-szerepe-a-korai-intervencioban.pdf\" target=\"_blank\" rel=\"noopener noreferrer\">(PDF)<\/a><\/li>\n<li><a href=\"http:\/\/poradnads.sk\/wp-content\/uploads\/2020\/04\/ADHD-1.pdf\" target=\"_blank\" rel=\"noopener noreferrer\">ADHD (PDF)<\/a><\/li>\n<li><a href=\"http:\/\/poradnads.sk\/wp-content\/uploads\/2020\/04\/erzelmi-es-viselkedeszavarok-korai-felismerese-es-kezelese.pdf\" target=\"_blank\" rel=\"noopener noreferrer\">\u00c9rzelmi \u00e9s viselked\u00e9szavarok korai felismer\u00e9se \u00e9s kezel\u00e9se (PDF)<\/a><\/li>\n<li><a href=\"http:\/\/poradnads.sk\/wp-content\/uploads\/2020\/04\/\u00d6nsebz\u00e9s.pdf\" target=\"_blank\" rel=\"noopener noreferrer\">\u00d6nsebz\u00e9s (PDF)<\/a><\/li>\n<li><a href=\"http:\/\/poradnads.sk\/wp-content\/uploads\/2020\/04\/relaxmesek.pdf\" target=\"_blank\" rel=\"noopener noreferrer\">Relaxmes\u00e9k (PDF)<\/a><\/li>\n<li><a href=\"http:\/\/poradnads.sk\/wp-content\/uploads\/2020\/05\/gyasz-tanacsok.pdf\" target=\"_blank\" rel=\"noopener noreferrer\">A gy\u00e1sz &#8211; Tan\u00e1csok sz\u00fcl\u0151knek (PDF)<\/a><\/li>\n<li><a href=\"http:\/\/poradnads.sk\/wp-content\/uploads\/2020\/05\/gyasz1.pdf\" target=\"_blank\" rel=\"noopener noreferrer\">A gy\u00e1sz \u00e9letkori saj\u00e1toss\u00e1gai &#8211; 1. r\u00e9sz (PDF)<\/a><\/li>\n<li><a href=\"http:\/\/poradnads.sk\/wp-content\/uploads\/2020\/05\/gyasz2.pdf\" target=\"_blank\" rel=\"noopener noreferrer\">A gy\u00e1sz \u00e9letkori saj\u00e1toss\u00e1gai &#8211; 2. r\u00e9sz (PDF)<\/a><\/li>\n<li><a href=\"http:\/\/poradnads.sk\/wp-content\/uploads\/2020\/05\/Gyermek-\u00c1llapot-\u2013-Von\u00e1s-Szorong\u00e1s-K\u00e9rd\u0151\u00edv-.pdf\" target=\"_blank\" rel=\"noopener noreferrer\">Gyermek \u00c1llapot \u2013 Von\u00e1s Szorong\u00e1s K\u00e9rd\u0151\u00edv (PDF)<\/a><\/li>\n<li><a href=\"http:\/\/poradnads.sk\/wp-content\/uploads\/2020\/05\/Tourette-szindr\u00f3ma.pdf\" target=\"_blank\" rel=\"noopener noreferrer\">Tourette-szindr\u00f3ma (PDF)<\/a><\/li>\n<li><a href=\"http:\/\/poradnads.sk\/wp-content\/uploads\/2020\/05\/dackorszak.pdf\" target=\"_blank\" rel=\"noopener noreferrer\">Dackorszak (PDF)<\/a><\/li>\n<li><a href=\"http:\/\/poradnads.sk\/wp-content\/uploads\/2020\/05\/a-dadogasrol.pdf\" target=\"_blank\" rel=\"noopener noreferrer\">A dadog\u00e1sr\u00f3l (PDF)<\/a><\/li>\n<li><a href=\"http:\/\/poradnads.sk\/wp-content\/uploads\/2020\/05\/kiskamaszok-lazadasa.pdf\" target=\"_blank\" rel=\"noopener noreferrer\">Kiskamaszok l\u00e1zad\u00e1sa (PDF)<\/a><\/li>\n<li><a href=\"http:\/\/poradnads.sk\/wp-content\/uploads\/2020\/05\/k\u00f6nyvismertet\u0151-Szuper\u00e9rz\u00e9keny-gyerekek.-docx.pdf\" target=\"_blank\" rel=\"noopener noreferrer\">K\u00f6nyvismertet\u0151 &#8211; Szuper\u00e9rz\u00e9keny gyerekek (PDF)<\/a><\/li>\n<li><a href=\"http:\/\/poradnads.sk\/wp-content\/uploads\/2020\/05\/szuksegallapot.pdf\">Sz\u00fcks\u00e9g\u00e1llapotban vagyunk (PDF)<\/a><\/li>\n<li><a href=\"http:\/\/poradnads.sk\/wp-content\/uploads\/2020\/05\/testverek-feltekenyseg-nelkul.pdf\">Testv\u00e9rek f\u00e9lt\u00e9kenys\u00e9g n\u00e9lk\u00fcl (PDF)<\/a><\/li>\n<li><a href=\"http:\/\/poradnads.sk\/wp-content\/uploads\/2020\/05\/tic-zavar-1.pdf\">Tic (PDF)<\/a><\/li>\n<li><a href=\"http:\/\/poradnads.sk\/wp-content\/uploads\/2020\/05\/reakciok-stresszhelyzetre.pdf\" target=\"_blank\" rel=\"noopener noreferrer\">Nem, nem bosszantani szeretne &#8230; F\u00e9lnek \u00e9s agg\u00f3dnak (PDF)<\/a><\/li>\n<\/ul>\n","protected":false},"excerpt":{"rendered":"<p>A jatek szerepe a korai intervencioban (PDF) ADHD (PDF) \u00c9rzelmi \u00e9s viselked\u00e9szavarok korai felismer\u00e9se \u00e9s kezel\u00e9se (PDF) \u00d6nsebz\u00e9s (PDF) Relaxmes\u00e9k (PDF) A gy\u00e1sz &#8211; Tan\u00e1csok sz\u00fcl\u0151knek<span class=\"excerpt-hellip\"> [\u2026]<\/span><\/p>\n","protected":false},"author":1,"featured_media":0,"parent":0,"menu_order":0,"comment_status":"closed","ping_status":"closed","template":"","meta":[],"_links":{"self":[{"href":"https:\/\/poradnads.sk\/hu\/wp-json\/wp\/v2\/pages\/570"}],"collection":[{"href":"https:\/\/poradnads.sk\/hu\/wp-json\/wp\/v2\/pages"}],"about":[{"href":"https:\/\/poradnads.sk\/hu\/wp-json\/wp\/v2\/types\/page"}],"author":[{"embeddable":true,"href":"https:\/\/poradnads.sk\/hu\/wp-json\/wp\/v2\/users\/1"}],"replies":[{"embeddable":true,"href":"https:\/\/poradnads.sk\/hu\/wp-json\/wp\/v2\/comments?post=570"}],"version-history":[{"count":0,"href":"https:\/\/poradnads.sk\/hu\/wp-json\/wp\/v2\/pages\/570\/revisions"}],"wp:attachment":[{"href":"https:\/\/poradnads.sk\/hu\/wp-json\/wp\/v2\/media?parent=570"}],"curies":[{"name":"wp","href":"https:\/\/api.w.org\/{rel}","templated":true}]}}

Szülőknek

<ul>
<li><a href="http://poradnads.sk/wp-content/uploads/2020/04/a-jatek-szerepe-a-korai-intervencioban.docx" target="_blank" rel="noopener noreferrer">A jatek szerepe a korai intervencioban</a> <a href="http://poradnads.sk/wp-content/uploads/2020/04/a-jatek-szerepe-a-korai-intervencioban.pdf" target="_blank" rel="noopener noreferrer">(PDF)</a></li>
<li><a href="http://poradnads.sk/wp-content/uploads/2020/04/ADHD-1.pdf" target="_blank" rel="noopener noreferrer">ADHD (PDF)</a></li>
<li><a href="http://poradnads.sk/wp-content/uploads/2020/04/erzelmi-es-viselkedeszavarok-korai-felismerese-es-kezelese.pdf" target="_blank" rel="noopener noreferrer">Érzelmi és viselkedészavarok korai felismerése és kezelése (PDF)</a></li>
<li><a href="http://poradnads.sk/wp-content/uploads/2020/04/Önsebzés.pdf" target="_blank" rel="noopener noreferrer">Önsebzés (PDF)</a></li>
<li><a href="http://poradnads.sk/wp-content/uploads/2020/04/relaxmesek.pdf" target="_blank" rel="noopener noreferrer">Relaxmesék (PDF)</a></li>
<li><a href="http://poradnads.sk/wp-content/uploads/2020/05/gyasz-tanacsok.pdf" target="_blank" rel="noopener noreferrer">A gyász &#8211; Tanácsok szülőknek (PDF)</a></li>
<li><a href="http://poradnads.sk/wp-content/uploads/2020/05/gyasz1.pdf" target="_blank" rel="noopener noreferrer">A gyász életkori sajátosságai &#8211; 1. rész (PDF)</a></li>
<li><a href="http://poradnads.sk/wp-content/uploads/2020/05/gyasz2.pdf" target="_blank" rel="noopener noreferrer">A gyász életkori sajátosságai &#8211; 2. rész (PDF)</a></li>
<li><a href="http://poradnads.sk/wp-content/uploads/2020/05/Gyermek-Állapot-–-Vonás-Szorongás-Kérdőív-.pdf" target="_blank" rel="noopener noreferrer">Gyermek Állapot – Vonás Szorongás Kérdőív (PDF)</a></li>
<li><a href="http://poradnads.sk/wp-content/uploads/2020/05/Tourette-szindróma.pdf" target="_blank" rel="noopener noreferrer">Tourette-szindróma (PDF)</a></li>
<li><a href="http://poradnads.sk/wp-content/uploads/2020/05/dackorszak.pdf" target="_blank" rel="noopener noreferrer">Dackorszak (PDF)</a></li>
<li><a href="http://poradnads.sk/wp-content/uploads/2020/05/a-dadogasrol.pdf" target="_blank" rel="noopener noreferrer">A dadogásról (PDF)</a></li>
<li><a href="http://poradnads.sk/wp-content/uploads/2020/05/kiskamaszok-lazadasa.pdf" target="_blank" rel="noopener noreferrer">Kiskamaszok lázadása (PDF)</a></li>
<li><a href="http://poradnads.sk/wp-content/uploads/2020/05/könyvismertető-Szuperérzékeny-gyerekek.-docx.pdf" target="_blank" rel="noopener noreferrer">Könyvismertető &#8211; Szuperérzékeny gyerekek (PDF)</a></li>
<li><a href="http://poradnads.sk/wp-content/uploads/2020/05/szuksegallapot.pdf">Szükségállapotban vagyunk (PDF)</a></li>
<li><a href="http://poradnads.sk/wp-content/uploads/2020/05/testverek-feltekenyseg-nelkul.pdf">Testvérek féltékenység nélkül (PDF)</a></li>
<li><a href="http://poradnads.sk/wp-content/uploads/2020/05/tic-zavar-1.pdf">Tic (PDF)</a></li>
<li><a href="http://poradnads.sk/wp-content/uploads/2020/05/reakciok-stresszhelyzetre.pdf" target="_blank" rel="noopener noreferrer">Nem, nem bosszantani szeretne &#8230; Félnek és aggódnak (PDF)</a></li>
</ul>

<p>A jatek szerepe a korai intervencioban (PDF) ADHD (PDF) Érzelmi és viselkedészavarok korai felismerése és kezelése (PDF) Önsebzés (PDF) Relaxmesék (PDF) A gyász &#8211; Tanácsok szülőknek<span class="excerpt-hellip"> […]</span></p>
